t be d(-14). What is the remainder when 152 is divided by (-4)/t*-5*11?
20
Suppose -2*d + d + 1115 = 3*y, y + 2209 = 2*d. Calculate the remainder when d is divided by 27.
26
Let o(a) = -23*a - 607. Calculate the remainder when o(-39) is divided by 33.
26
Suppose -2*j + 5*q - 7 = 0, -4*j - 3*q + 56 = q. Let m = 156 - 132. Calculate the remainder when m is divided by j.
6
Let h(n) = 2*n**2 - 9*n + 7. Let l be h(4). Suppose 5*i - 175 = -l*t, -5*t + 43 = -2*i + 113. Calculate the remainder when i is divided by 3.
2
Let c(k) be the second derivative of k**4/6 + 13*k**3/6 + 19*k**2/2 - 21*k. Calculate the remainder when c(-6) is divided by 4.
1
Let y be (0 + -2 - -3)*4. Suppose -f + 0*b + y*b = 14, -2*b = 2*f - 2. Calculate the remainder when (-27)/18 - 65/f is divided by 11.
9
Let j = -63 + 244. What is the remainder when j is divided by 26?
25
Suppose 22*j + 113 - 1147 = 0. Suppose 4*c + 3*l - 123 = 0, -l + 3*l - 2 = 0. What is the remainder when j is divided by 16/(-10)*c/(-4)?
11
Let h = 220 + -194. What is the remainder when 233 is divided by h?
25
Suppose -4*s + u + 340 = 0, -s + 38 = -u - 50. Calculate the remainder when s is divided by 53.
31
Suppose -16 = -5*c + 9, 4*y - 3 = c. What is the remainder when 9 is divided by y?
1
Suppose 2*b = 5 + 5. Suppose b*s = s + 5*f + 41, -5*f - 25 = 0. What is the remainder when 15 is divided by s?
3
Suppose -4*w = 12, -3*a = -0*a - 4*w - 93. What is the remainder when 26*a/6*(-3)/(-9) is divided by 11?
6
Suppose 20*u - 3*u - 1292 = 0. Calculate the remainder when 756 is divided by u.
72
Suppose 12 = -19*y + 16*y. Calculate the remainder when 12 - (1 + -2*(-2)/y) is divided by 4.
0
Suppose -3*a + a = -74. Let t = 2968 - 2821. What is the remainder when t is divided by a?
36
Suppose 391 = -5*t + 1281. What is the remainder when (t/(-6))/(3/(-18)*2) is divided by 45?
44
Let i(o) = 5*o + 15. Let j be i(9). Let q = 80 - j. Calculate the remainder when 93 is divided by q.
13
Suppose 2*n - 1105 = -3*h, -n = 2*h - 282 - 269. Calculate the remainder when n is divided by 10.
7
Let o = 7 - 13. Let a be (-48)/(-36)*18/(-4). Calculate the remainder when 7 is divided by 3/a*o + -1.
1
Suppose 0 = -3*h + 10 - 1. Suppose -6*w + 7*w - 5*q = 25, 2*w - 50 = -h*q. Calculate the remainder when 74 is divided by w.
24
Let x(y) = -y**3 + y + 4. Let q(r) = 3*r - 4. Let i be -8*(3 + (-7)/2). Calculate the remainder when q(i) is divided by x(0).
0
Let w(a) = 6*a - 22. Let j(p) = -4*p - 12. Let n be j(-8). Let b = n - 0. Calculate the remainder when w(10) is divided by b.
18
Let q = -138 - -878. Calculate the remainder when q is divided by 62.
58
Let l(f) = 15*f**2 - f + 2. Let s be l(1). Suppose 4 = -2*v, k + k + s = -4*v. Calculate the remainder when ((-3)/(-9))/(k/(-396)) is divided by 9.
6
Let j(x) = -8*x**2 - 5*x + 4. Let b(u) = -9*u**2 - 5*u + 3. Let v(a) = 6*b(a) - 7*j(a). What is the remainder when 165 is divided by v(4)?
39
Let q = 22 + -17. Let p = q + -3. Suppose 5*w = p*w + 87. What is the remainder when 84 is divided by w?
26
Let c be -2*3/9*-3. Suppose -3*n = 4*p - 99, c*n + 2*n - 107 = 3*p. Let m(k) = -k**2 - 8*k + 3. What is the remainder when n is divided by m(-6)?
14
Suppose -3*z = 3*u - 418 - 20, -2*u = 2. What is the remainder when z is divided by 26?
17
Let p(j) = j**2 - 5*j - 3. Let h be p(5). Let i be (-1)/h + 128/48. Suppose 5*z - 86 = i*z. Calculate the remainder when z is divided by 11.
10
Let y(z) = z**3 - 14*z**2 - 15*z - 14. Let p be y(15). What is the remainder when 168/((-17)/p - 8/(-28)) is divided by 19?
17
Suppose 6*f - 58 = 44. What is the remainder when 184 is divided by f?
14
Let c(r) = -r**3 - 3*r**2 + 27*r + 3. Calculate the remainder when c(-7) is divided by 5.
0
Suppose -46 = 4*s + 3*x - 213, 0 = 5*s - 4*x - 232. What is the remainder when 82 is divided by s?
38
Suppose 3*l - 51 = 3*t, -10 = 5*l + 3*t - 63. Calculate the remainder when 245 is divided by l.
11
Let r = -4 - -7. Let g(t) = -t**2 - 11*t + 14. What is the remainder when g(0) is divided by (r/1)/((-3)/(-8))?
6
Suppose -640 = -0*c - 10*c. Let u(a) = -a - 7. Let x be u(-9). Suppose -4*j = -x*j - 66. What is the remainder when c is divided by j?
31
Let t(c) = -c**2 + 34*c + 78. What is the remainder when 34 is divided by t(36)?
4
Let i be (-500)/18 + (-16)/72. Let f(l) = 3*l - 8. Calculate the remainder when f(8) is divided by (((-96)/i)/2)/(6/21).
4
Suppose n - 4*i = -3, -3*i = n - 2 - 9. Let k(c) = -4*c**2 + 2*c + 12. Let f be k(-4). Let h = -36 - f. What is the remainder when h is divided by n?
4
Suppose l + 6 + 16 = 3*c, 0 = 2*c + 3*l - 33. What is the remainder when 134 is divided by c?
8
Let w(k) be the second derivative of 4*k**3/3 + k**2/2 - 2*k. Suppose 15*n - 19*n + 4 = 0. What is the remainder when w(n) is divided by 5?
4
Suppose -2*q + 5 = -g, 3*g = 3*q + 2*g - 9. Suppose -3*i + i + q*w = -26, 4*i - 2*w = 70. Calculate the remainder when i is divided by 6/16 - (-37655)/3544.
8
Suppose -68*x + 38*x = -750. Calculate the remainder when 54 is divided by x.
4
Let w(b) = -b**3 - 37*b**2 - 35*b + 50. What is the remainder when 175 is divided by w(-36)?
7
Suppose 3*n = -5*a + 17, 2*n - 2*a - 10 = -4*a. Suppose -n*y - y = -85. What is the remainder when 46 is divided by y?
12
Suppose 4*k + 632 = -4*k. Let r = 155 + k. Suppose r + 281 = 3*t. Calculate the remainder when t is divided by 24.
23
Calculate the remainder when ((-378)/693)/((-4)/1826) is divided by 54.
33
Suppose 0 = -5*r - 0 + 75. Let m(i) = -34*i + 43. Calculate the remainder when r is divided by m(1).
6
Let u(j) = -j**2 - 2*j - 16 - 7*j**2 + 8*j**2 + j**2. Let x(a) = a. Calculate the remainder when u(7) is divided by x(7).
5
Let x be ((-30)/35)/((-3)/(-21)). Let i(n) = -6*n + 9. Calculate the remainder when i(x) is divided by 16.
13
Let j(c) = c**2 - 13*c + 8. Let z be j(14). Let b = 42 - z. Calculate the remainder when 56 is divided by b.
16
Suppose 3*j + 0*j - 147 = 0. Let w(l) = -l**3 + 5*l**2 - 5*l + 5. Let o be w(4). Calculate the remainder when j is divided by -3*(o + 87/(-9)).
23
Let a = 22 + -4. Calculate the remainder when 2*(-3)/(a/(-51)) is divided by 11.
6
Let d(k) = -3*k**2 + 8*k - 21. Let q(l) = -8*l**2 + 23*l - 63. Let h(s) = -11*d(s) + 4*q(s). What is the remainder when 51 is divided by h(-8)?
7
Suppose 0 = -0*w + w - 13. Let o = 8 - w. What is the remainder when 14/70 - 64/o is divided by 5?
3
Suppose 2*t - 2*u - 8 = 0, -3*t + 2*u + 12 = -2*u. What is the remainder when 35 is divided by t?
3
Let c(k) = -k**3 - k**2 - k + 78. Let f be c(0). Suppose -30*d + 34*d - 8 = 0. Suppose -5*z = -d*z - f. Calculate the remainder when z is divided by 14.
12
Suppose -4*x + 71 = -49. Suppose 4*r - m = 36, -5*m = -2*r + 51 - 15. What is the remainder when x is divided by r?
6
Calculate the remainder when (-22108)/(-76) - 2/(-19) is divided by 73.
72
Suppose 2*q - 4*x - 88 = 0, 2*x + 4 = -6. What is the remainder when (-32)/(-48)*(4 + (-867)/(-6)) is divided by q?
31
Calculate the remainder when (-15)/12*-2 + 90104/112 is divided by 30.
27
Let p(m) = 55*m + 291. Calculate the remainder when 59 is divided by p(-5).
11
Let f be 319/5 - 40/50. Suppose -s - f = -8*s. Calculate the remainder when 43 is divided by s.
7
Let r(x) = x**2 - 3*x + 3. Let a be r(5). Suppose 0 = -a*t + 21 + 135. Calculate the remainder when 34 is divided by t.
10
Let c(z) = -z**3 - z**2 + 5*z - 6. Let n be c(-3). Calculate the remainder when 1 - n - (-22 - -1) is divided by 7.
4
Let z = 509 + -473. What is the remainder when z is divided by 13?
10
Let j = 548 - 367. Let r = 282 - j. What is the remainder when r is divided by 8?
5
Suppose 20*p = 25*p - 40. Let m(o) = o**3 - 8*o**2 + 5*o + 8. What is the remainder when m(p) is divided by 13?
9
Suppose 5*y - 106 - 94 = 0. Calculate the remainder when y is divided by ((-63)/(-7) + -5)*3.
4
Suppose -2*t = -4*n + 86, -18 = -n - 2*t + 6*t. Calculate the remainder when 61 is divided by n.
17
Let b(t) be the second derivative of -t**3/6 + 15*t**2/2 + 17*t. What is the remainder when b(-7) is divided by 12?
10
Let p be (-57)/9 - 4/6. Let d(u) = -u + 6. What is the remainder when 7/2*6 + 2 is divided by d(p)?
10
Let p = -46 + 55. Calculate the remainder when 18 is divided by p.
0
Let f be (-12 - -2)/(2*-1). Suppose -a - 115 = -f*d, -3*d - 5*a = 11 - 52.